4*q = -9*x + 105. Let p be 10/(-15) + (-29)/(-3). What is the greatest common divisor of x and p?
9
Let f(x) = -37*x**2 - 2*x - 1. Let l be f(-1). Let v be (-2332)/l - -3*4/54. What is the greatest common factor of 117 and v?
13
Let x(h) = -909*h - 5939. Let l be x(-7). What is the greatest common divisor of 901 and l?
53
Suppose 0 = -6*p - 9*p + 6*p + 1512. What is the greatest common divisor of p and 84?
84
Let d be (902/(-14))/(-1) + (-24)/(-42). Let g be 30850/90 + 2/9. Let j be g/28 - 6/(-8). What is the greatest common factor of j and d?
13
Suppose -f - 3*x + 48 + 196 = 0, -3*x - 744 = -3*f. Let v be (-80)/(-5 - -1) - 3*(2 - 4). What is the greatest common divisor of v and f?
13
Suppose 2*l + 14 = -3*q + 195, 4*q + l = 238. Let f = q + -22. Let h = -61255 + 61292. Calculate the highest common divisor of f and h.
37
Let u be (4 + -1)*2*(-2)/(-4). Let w be (-4)/(-10) - (1236/(-20))/u. What is the highest common divisor of w and 84?
21
Let k be ((-138)/(-5))/((-11)/(-165)). Let v be 2*(23 - 154/11). Calculate the greatest common divisor of k and v.
18
Let j = -65 + 177. Let n(b) = 5*b + 268. Let i be n(-47). Suppose -i*a = -48*a + 2520. What is the greatest common factor of j and a?
56
Suppose -154*f + 82*f = -2001384. What is the greatest common factor of f and 77?
77
Suppose 44 = -2*m + 7*m - 2*o, -2*o + 26 = 2*m. Suppose 0 = -q - 2*c + 25, 2*c - 40 = -m*q + 8*q. Calculate the highest common divisor of q and 2.
1
Let r = -22220 - -22238. Calculate the greatest common divisor of 31266 and r.
18
Let t = -232 + 246. Let l be t/(-42)*((-1 - 1) + -133). What is the highest common divisor of l and 135?
45
Suppose 478 = 2*r - 60. Let c = 333 - r. What is the highest common factor of c and 224?
32
Let a be 5/(30/(-54))*(-6 - 1). What is the highest common divisor of 2961 and a?
63
Let d be (96/(-10))/((-3)/15). Let q(y) be the second derivative of 2*y**3/3 + 2*y - 14. Let k be q(2). Calculate the highest common factor of d and k.
8
Suppose -17*v + 9*l + 11185 = 8*l, 5*v - 5*l - 3285 = 0. Calculate the highest common factor of v and 1034.
94
Let r be (4 - 48 - -91)*(2 + (-2 - -1)). Calculate the greatest common factor of r and 5.
1
Let m be -9 - -244 - (2 + 3/(-1)). Let d = m - 210. What is the highest common factor of d and 4?
2
Suppose 6*s - 3*s = -2*x + 13069, -x = s - 4355. Calculate the highest common factor of 3 and s.
3
Let q = 27903 + -14974. What is the highest common divisor of 7 and q?
7
Suppose 5*a - 99 = 2*a. Let d = -27 + a. Suppose 24 = d*s - 0*s. Calculate the highest common divisor of 8 and s.
4
Suppose -45 = -11*t + 21. Let w be (t + 5)*(-2 - -5). Calculate the greatest common divisor of 132 and w.
33
Let u = 24229 - 23791. What is the highest common factor of 354 and u?
6
Let m be 0*8/88 + 94. Calculate the highest common factor of 799 and m.
47
Suppose 7*u - 406 = 117*u - 2826. Calculate the greatest common factor of u and 334.
2
Let t(y) = -y - 2*y**3 - 6*y**2 - 5*y + 3 - 2. Let g be t(-3). Suppose -5*i + 40 = 5*n, n = -4*i + 4 + g. Calculate the highest common divisor of n and 9.
3
Let v = -28939 - -29215. What is the greatest common divisor of v and 12604?
92
Let w(o) = -5892*o + 5900*o + o**2 + 0 - 11. Let l be w(2). What is the highest common divisor of 144 and l?
9
Suppose -8 = 19*u - 23*u. Suppose 42 = -u*v - 12. Let z = v - -55. Calculate the greatest common factor of 14 and z.
14
Let i(q) = -3*q**3 - 103*q**2 + 61*q - 75. Let f be i(-35). What is the greatest common factor of 90 and f?
30
Let h(v) = 2*v**3 - 20*v**2 - 4*v + 21. Let r be h(9). Let x = 681 - 990. Let l = r - x. Calculate the greatest common factor of 12 and l.
12
Let m be 2 - 11 - 70059/242*(1 + -3). What is the greatest common divisor of m and 4218?
114
Let r be (-777)/(-77) - 5/55. Suppose -r*m = -87 - 213. What is the highest common factor of 30 and m?
30
Let v(u) = u**3 + 22*u**2 + 15. Let m be v(-22). Suppose m*n - 7*n = 128. What is the greatest common divisor of 16 and n?
16
Let y = -38 + 23. Let t be 4/5*y/(-6). Let x be (300/24 - 14)/((-1)/2). Calculate the greatest common divisor of x and t.
1
Suppose 28980 = 42*j + 21*j - 27*j. What is the greatest common factor of j and 4255?
115
Suppose 36*q = -57*q + 18414. Calculate the greatest common factor of 4620 and q.
66
Suppose -728 = 30*g + 35*g - 79*g. Calculate the highest common factor of g and 332.
4
Suppose 0 = -2*k + 5*a + 273, 3*k - 245 = -a + 156. Let f = -143584 + 143785. What is the highest common factor of k and f?
67
Let w be -1 + 3 - (4 + 2 + -14). Let n be 2/w*(-25 - -70). What is the greatest common factor of n and 2?
1
Let y = -3943 + 3982. What is the greatest common factor of y and 260?
13
Let v = 2712 - 2703. Calculate the highest common divisor of v and 24.
3
Suppose -547*u + 243336 + 5194 = 3474. What is the greatest common divisor of u and 2800?
112
Let j = -267 + 264. Let a be ((-14)/j - 4) + 637/3. What is the greatest common divisor of a and 497?
71
Let y = 659 + -611. Calculate the greatest common factor of y and 14064.
48
Let o be -3*10604/(-96) + -1 + (-3)/8. What is the highest common factor of o and 1870?
110
Let n = -52 - -32. Let w(v) be the first derivative of v**3/3 + 17*v**2/2 - 15*v - 47. Let f be w(n). Calculate the highest common factor of f and 30.
15
Let y = -17 - -125. Let r = y + -17. Let i be (-30)/(-12) - (-252)/24. Calculate the greatest common divisor of r and i.
13
Let b(c) = -17*c - 30. Let f be b(-6). Suppose 11520 = 21*y - 5*y. What is the highest common divisor of y and f?
72
Let r = 411 - 373. Suppose -912 = o - 9*o. Calculate the highest common factor of r and o.
38
Suppose -4*b + 3*q - 4*q = 53, b + 37 = -5*q. Let f = -8 - b. Suppose -5*v - 2*c - 102 + 268 = 0, -v + 3*c = -23. What is the highest common divisor of v and f?
4
Let z = -31703 + 54638. What is the greatest common divisor of 330 and z?
165
Let i = -2401 - -6406. Calculate the highest common factor of 45 and i.
45
Suppose -17*h = -11*h - 234. Suppose -30*w + h*w - 9 = 0. Calculate the greatest common factor of 1 and w.
1
Suppose 4*h - 8*h + 3304 = 0. Suppose -33*o = -46*o + 182. Calculate the greatest common factor of h and o.
14
Suppose 14*s + 89 = 523. Let d(p) = p**3 - 30*p**2 - 25*p + 61. Let n be d(s). What is the greatest common factor of n and 19?
19
Suppose 6*k - k + 190 = 2*b, -4*k - 475 = -5*b. Let v be (42/(-4) + 1)/(4/(-24)). Calculate the greatest common divisor of b and v.
19
Let g(l) = -141*l + 2928. Let r be g(10). Calculate the greatest common factor of r and 276.
138
Let n be (-1 + (-12)/(-9))*12. Let j be n + (14 - 4/1). Suppose 3*q + q + 16 = 0, 2*l + 3*q = j. Calculate the greatest common divisor of l and 143.
13
Suppose -22*h - 544 = -26*h + 5*v, 4*h + 4*v - 544 = 0. What is the greatest common factor of h and 2414?
34
Let r be 2 + (0 - -2) + 2. Let a be r/21 + 108/14 - 3. Suppose -5*y = -2*h + 171, -h + a*y = -2*h + 63. What is the highest common factor of h and 39?
39
Suppose 5*w + 48 = n - 42, -4*n + 252 = -8*w. Suppose 0 = -3*f + 4*f + 4. Let j(i) = -6*i + 3. Let p be j(f). What is the greatest common divisor of n and p?
9
Suppose 5*y = q + 284, -2*y = 2*q - 3*q - 116. Suppose -3*z - 5*a + 265 = 2*z, z - 5*a - 53 = 0. Let v = 61 - z. Calculate the highest common factor of v and y.
8
Suppose 11*h + 139 = 491. Let t be (36/6)/(6/(-4)) - -100. What is the greatest common factor of t and h?
32
Suppose -24*g + 16*g = -504. Suppose g*v = 59*v - 220. Let d = v + 67. What is the highest common factor of 42 and d?
6
Let c = -49 + 75. Suppose 4*i - i + 9 = 0. Let a be (-1630)/(-25) - i/(-15). What is the greatest common factor of c and a?
13
Let p = 304 - 312. Let g be (p/(-12))/(8/324). What is the greatest common factor of 3 and g?
3
Suppose -5*u + 3*u - 2*r + 50 = 0, -r = 3*u - 67. Let z be 65 + 3/9*-27. Calculate the highest common factor of u and z.
7
Let l = -719 - -176. Let h = l + 553. Calculate the highest common divisor of h and 320.
10
Let g be (18/(5 + -2))/((-186456)/(-62136) - 3). What is the highest common divisor of 36 and g?
9
Let s be 154*(-2 - 14/(-4)). Suppose 0 = -75*w + 74*w - 10, -u - 2*w = -1. What is the highest common factor of u and s?
21
Let l = 32067 + -17427. What is the greatest common factor of l and 10?
10
Let t(h) = 11*h - 134. Le